 Calculate the highest common factor of q and 117.
13
Let x = 129 + -72. Let l = -48 + x. What is the greatest common factor of l and 27?
9
Let l be 6 - 6 - -4 - -479. What is the greatest common divisor of 21 and l?
21
Let p = -52 + 56. Suppose 16 = p*r + 2*x, -2*r + 2*x + 0*x = -20. What is the highest common factor of r and 3?
3
Let u(z) = z**2 + 6*z - 16. Let c be u(11). What is the highest common divisor of 18 and c?
9
Let s(b) = b**3 - 5*b**2 - 8*b + 12. Let p be s(6). Suppose -2*x + 10 = d - p*d, 4*x + 52 = 4*d. What is the greatest common factor of d and 4?
4
Suppose 41 = 5*s - 9. Suppose 125 = 2*i - y - 135, 2*y = -5*i + 650. Let f = i - 90. What is the highest common divisor of f and s?
10
Suppose l - 2*t = -7, 0 = t - 2*t + 2. Let p be (4 - 268/3)*l. Calculate the highest common divisor of 32 and p.
32
Suppose 0 = 34*t + 1802 - 5168. What is the highest common divisor of t and 9?
9
Suppose 33*k - 5719 + 2254 = 0. What is the greatest common factor of 924 and k?
21
Let i(d) = 2*d**3 - 3*d**2 + 2. Let r be i(2). Let j(p) = 4*p**3 + 16*p**2 - 16*p + 22. Let f be j(-5). Calculate the greatest common factor of f and r.
2
Let x be ((-575)/(-100))/(2/40). Calculate the highest common factor of 3105 and x.
115
Let u = 20 + 630. Calculate the greatest common factor of u and 26.
26
Suppose -67 = -5*w - 4*q, -25 = -w + q - 8. Suppose 5 = c, 5*p - 13 = -c - 3. Let t be (p + 8)*(-40)/(-6). Calculate the highest common factor of w and t.
15
Suppose 4*j - 8 = 20. Suppose l - j = 1. Calculate the highest common divisor of l and 88.
8
Let w = 18 + -16. Suppose -90 = -w*g + 5*p, -2*p - 164 = -4*g - 0*p. Let t(l) = l**3 - 6*l - 4. Let q be t(3). Calculate the highest common divisor of g and q.
5
Let i = 2 - -5. Let p(y) = 2*y - 11. Let n be p(i). Suppose -50 = -q + n*h, 4*h = -4*q + 34 + 86. Calculate the greatest common divisor of q and 14.
7
Let i = 21 - 17. Let h be (i/5)/((-2)/(-20)). Suppose 4*f - h = 0, 4*s + 0*f = -2*f + 88. What is the greatest common divisor of s and 7?
7
Let m(p) = -p**3 - 3*p**2 + 16*p + 14. Let b be m(-6). What is the highest common divisor of 13 and b?
13
Let k be 705/(-225) - (-4)/30. Let h be 62/(-6)*(k - 0/3). Calculate the greatest common divisor of h and 31.
31
Suppose -3*w = -7*w. Suppose 0 = 2*r + 2*r - 20, w = -2*b - r + 227. Let d = b + -12. Calculate the highest common factor of d and 9.
9
Let i(j) = 22*j**2 + 24*j + 186. Let a be i(-6). What is the greatest common factor of a and 12?
6
Let f = -366 + 516. Calculate the highest common divisor of f and 120.
30
Let h be (16/(-1))/(-2) - 4. Let t be 35/7 - (h + (-2)/2). What is the highest common factor of t and 6?
2
Let t = -19 - -22. Suppose t*j + 0*j = 3. Let a be ((-2)/5)/(1/(-20)). What is the highest common divisor of a and j?
1
Let f = -2 + 7. Suppose -12*r = -9*r - 6. Suppose -r*y = 10, 5*z = 2*y + 138 + 47. Calculate the greatest common factor of z and f.
5
Let m be ((-75)/5)/5 - -2. Let h be 2/(m/((-8)/2)). Calculate the highest common factor of h and 64.
8
Let j(t) = t**2 - 5*t + 12. Let p be j(3). Suppose 9*u = 11*u - p. Let o be 1 + -1*1 - -2. What is the greatest common factor of u and o?
1
Let m be ((-5)/3 - -2)/((-18)/(-19926)). What is the greatest common factor of m and 27?
9
Suppose 0 = -k - k + 100. Let s(b) = 2*b. Let x be s(1). Suppose 70 = 4*z + x*i, 4*i + 0*i + 20 = 0. Calculate the highest common factor of k and z.
10
Let k = -29 + 25. Let o be ((-10)/8)/(k/16). What is the greatest common factor of 5 and o?
5
Let i(b) = b + 1. Let x = 12 + -5. Let y be i(x). Suppose 4*h = -3*o + h + 147, -2*h + y = 0. What is the highest common factor of 15 and o?
15
Let i = 1652 - 1640. What is the greatest common divisor of 14 and i?
2
Let z(l) = 83*l + 1. Let v(o) = o**2 - 5*o - 23. Let r be v(8). Let g be z(r). What is the highest common factor of 56 and g?
28
Suppose 4*t = -4 + 228. Suppose r - t = -r. Calculate the highest common factor of 7 and r.
7
Let y be 0 + -1 + 24 + -11. Let z = y + -11. Let w be z/(140/(-36) + 4). Calculate the greatest common factor of w and 3.
3
Let w(y) = y**3 - 13*y**2 + 13*y - 5. Let o be w(12). Suppose 11 = -4*s + 15. What is the highest common divisor of s and o?
1
Let d(f) = f**2 + 6*f - 8. Let a be d(-7). Let x be (3 - (a - -1) - 7)*-8. Calculate the highest common divisor of 16 and x.
16
Suppose 0 = -2*b + 3*f + 381, 4*b = 2*b - f + 393. Calculate the greatest common divisor of b and 520.
65
Suppose 300 + 384 = 9*p. Suppose 0 = -o + j + 2*j + 32, -p = -3*o + 5*j. Suppose -170 = -g - 0*g. Calculate the highest common divisor of o and g.
17
Suppose 2*k - 343 = -295. What is the greatest common factor of 84 and k?
12
Suppose 7*p - 104 + 20 = 0. Calculate the greatest common factor of p and 186.
6
Let d(m) = -12*m - 5. Let j be d(-5). Let z be (-21)/5*125/5. Let q = -94 - z. Calculate the greatest common factor of j and q.
11
Let y = -101 - -26. Let v = -64 - y. Calculate the greatest common divisor of 2 and v.
1
Suppose 5*k + 2*f - 358 = 0, 16 = 6*f - 2*f. Calculate the highest common divisor of 910 and k.
70
Suppose -3*n + 16 + 0 = y, -4*y - 4*n = -32. Let o be 6 - y/16*0. Calculate the greatest common divisor of o and 78.
6
Suppose 2*z = 6*z - 260. Suppose 4*j - z = -5*b - j, -61 = -5*b - j. Let l = 0 + 4. What is the highest common factor of b and l?
4
Let t be (1 + 8)/(339/2825). Calculate the highest common factor of t and 150.
75
Let j(y) = 2*y**3 + 19*y**2 + 5*y - 16. Let z be j(-9). Calculate the highest common divisor of z and 270.
10
Suppose -p + 15 + 78 = 0. Suppose -p - 37 = -5*g. Suppose -3*n + 58 + g = 0. What is the greatest common divisor of n and 196?
28
Let s be (-48)/(-10)*235/94. Let j be (-40)/6*(-27)/6. What is the highest common factor of s and j?
6
Let r(b) = -b**2 - b + 2. Suppose 5*p - 8 = p. Let y be r(p). Let a(v) = -3*v + 4. Let z be a(y). Calculate the greatest common factor of 24 and z.
8
Let y be -4 - (-13 - (-1 - -2)). Let v(s) = -s + 35. Let c be v(y). Calculate the greatest common divisor of 25 and c.
25
Let k be 1 + (1 - (-6)/3). Suppose k*h + 1 = 9. Let c be (0 - (h - 3)) + 9. Calculate the greatest common divisor of 2 and c.
2
Let w = 90 - -9. Let n = -21 - -23. Suppose v = -n + 13. What is the greatest common divisor of w and v?
11
Suppose -5*v + 4*w = 29, v + 3*w - 8 = 2*v. Let g be (690/25)/6 + (-2)/v. What is the highest common factor of g and 5?
5
Suppose 0 = -30*r + 28*r + 140. Calculate the highest common factor of 40 and r.
10
Suppose 0 = -2*j + 5*j - 12. Suppose 2*f - 8 = 0, -b + j*b - 181 = -4*f. Calculate the highest common factor of b and 22.
11
Let q(r) = r**3 + 12*r**2 - 50*r + 25. Let p be q(-15). Calculate the highest common divisor of 4 and p.
4
Let n be (0 - 2/(-2))*8. Suppose -7*v + n*v - 162 = 0. Calculate the highest common factor of v and 18.
18
Let s(o) = -15*o + 20. Let z be s(7). Let d be z/(-10)*(-1 - -3). What is the greatest common factor of 187 and d?
17
Let c be (-8 - -9)/(3/12). Suppose -96 = -c*g - 0*g. What is the greatest common factor of g and 36?
12
Let b(i) = -i**3 - 2*i**2 - 7*i - 8. Let k be b(-3). Calculate the greatest common divisor of 55 and k.
11
Let c be (-72)/(-20) - (-6)/15. Suppose -4*g + 6 - 40 = -2*i, -c*i - 4*g = -20. What is the highest common factor of 18 and i?
9
Suppose 0 = q + 2*t - 10, -3*q = q - 2*t - 10. Suppose -q*i + i = -3. Let m = 49 + -42. What is the highest common divisor of m and i?
1
Let p = -1745 - -1839. Calculate the greatest common divisor of 6 and p.
2
Suppose -85 = 9*c - 211. Let b(l) = -l - 2. Let n be b(-5). Let y be (-4)/((12/(-154))/n). Calculate the highest common factor of y and c.
14
Let k(h) = 10*h**2 - 5*h - 11. Let l be k(-3). Let v = l - 93. Calculate the greatest common factor of v and 5.
1
Let g be 12/28 - 396/(-7). Let f be g/11 - (-2)/(-11). What is the greatest common factor of f and 10?
5
Suppose -p - 2*p = -66. Let q = -6 + 7. Suppose 4*u = u - 4*m + 532, -q = -m. Calculate the highest common divisor of p and u.
22
Let s(c) = c + 6. Let q be s(0). Let z be (-6)/(-3 + 9/2) + 34. Calculate the highest common factor of q and z.
6
Let o(g) = 18*g + 11. Let d be o(9). Let s = d - 98. Suppose 3*a - s = 213. What is the highest common divisor of 12 and a?
12
Let q be 0 - (-2 - (-2 - -5) - 1242